{"id":53,"date":"2026-04-28T14:36:35","date_gmt":"2026-04-28T14:36:35","guid":{"rendered":"https:\/\/aubert-lea.mmigrenoble-dev.fr\/?page_id=53"},"modified":"2026-04-29T07:06:46","modified_gmt":"2026-04-29T07:06:46","slug":"a-propos","status":"publish","type":"page","link":"https:\/\/aubert-lea.mmigrenoble-dev.fr\/?page_id=53","title":{"rendered":"A propos"},"content":{"rendered":"\t\t<div data-elementor-type=\"wp-page\" data-elementor-id=\"53\" class=\"elementor elementor-53\">\n\t\t\t\t<div class=\"elementor-element elementor-element-b93c811 e-grid e-con-boxed wpr-particle-no wpr-jarallax-no wpr-parallax-no wpr-sticky-section-no wpr-equal-height-no e-con e-parent\" data-id=\"b93c811\" data-element_type=\"container\" data-e-type=\"container\">\n\t\t\t\t\t<div class=\"e-con-inner\">\n\t\t<div class=\"elementor-element elementor-element-1e00384 e-grid e-con-full wpr-particle-no wpr-jarallax-no wpr-parallax-no wpr-sticky-section-no wpr-equal-height-no e-con e-child\" data-id=\"1e00384\" data-element_type=\"container\" data-e-type=\"container\">\n\t\t\t\t<div class=\"elementor-element elementor-element-39aca57 elementor-widget elementor-widget-heading\" data-id=\"39aca57\" data-element_type=\"widget\" data-e-type=\"widget\" data-widget_type=\"heading.default\">\n\t\t\t\t\t<h2 class=\"elementor-heading-title elementor-size-default\">A propos<\/h2>\t\t\t\t<\/div>\n\t\t\t\t<div class=\"elementor-element elementor-element-8de11e7 elementor-widget elementor-widget-text-editor\" data-id=\"8de11e7\" data-element_type=\"widget\" data-e-type=\"widget\" data-widget_type=\"text-editor.default\">\n\t\t\t\t\t\t\t\t\t<p>Qui suis je?<\/p><p>Je suis L\u00e9a \u00e9tudiante en MMI (M\u00e9tiers du Multim\u00e9dia et de l&rsquo;Internet), Je viens d&rsquo;avoir 21 ans je suis une v\u00e9ritable passionn\u00e9e d\u2019images et de mots, que ce soit \u00e0 travers le cin\u00e9ma, le th\u00e9\u00e2tre ou la lecture.<\/p><p>Depuis l&rsquo;enfance, la sc\u00e8ne et les livres sont mes terrains d&rsquo;\u00e9vasion. Plus r\u00e9cemment, j&rsquo;ai d\u00e9couvert le dessin : une nouvelle mani\u00e8re pour moi d&rsquo;exprimer mes \u00e9motions et de raconter des histoires.<\/p><p>Mon cursus en mmi me permet d&rsquo;explorer de nombreux domaines et de d\u00e9velopper des comp\u00e9tences solides en <b data-path-to-node=\"7\" data-index-in-node=\"105\">audiovisuel<\/b> et en <b data-path-to-node=\"7\" data-index-in-node=\"123\">graphisme<\/b>. Si j&rsquo;ai \u00e9galement des bases en d\u00e9veloppement web, c&rsquo;est vraiment dans la cr\u00e9ation visuelle que je m&rsquo;\u00e9panouis. Curieuse et motiv\u00e9e, je cherche constamment \u00e0 enrichir mon savoir-faire \u00e0 travers de nouveaux projets.<\/p><p>Envie d&rsquo;en savoir plus? N&rsquo;h\u00e9sitez pas a me contacter !\u00a0<\/p>\t\t\t\t\t\t\t\t<\/div>\n\t\t\t\t<div class=\"elementor-element elementor-element-f56f882 elementor-button-info elementor-align-center elementor-widget__width-auto elementor-widget elementor-widget-button\" data-id=\"f56f882\" data-element_type=\"widget\" data-e-type=\"widget\" data-widget_type=\"button.default\">\n\t\t\t\t\t\t\t\t\t\t<a class=\"elementor-button elementor-button-link elementor-size-sm\" href=\"https:\/\/aubert-lea.mmigrenoble-dev.fr\/?page_id=57\">\n\t\t\t\t\t\t<span class=\"elementor-button-content-wrapper\">\n\t\t\t\t\t\t\t\t\t<span class=\"elementor-button-text\">Me contacter <\/span>\n\t\t\t\t\t<\/span>\n\t\t\t\t\t<\/a>\n\t\t\t\t\t\t\t\t<\/div>\n\t\t\t\t<\/div>\n\t\t<div class=\"elementor-element elementor-element-e53dd6e e-con-full e-flex wpr-particle-no wpr-jarallax-no wpr-parallax-no wpr-sticky-section-no wpr-equal-height-no e-con e-child\" data-id=\"e53dd6e\" data-element_type=\"container\" data-e-type=\"container\">\n\t\t\t\t\t\t\t\n\t\t\t<img class=\"e-image-base e-303202a-54a4330\" \n\t\t\t\t\tdata-interaction-id=\"303202a\" \n\t\t \n\t\t \n\t\t\t\t\t\t\t\t\tid=\"93\"\n\t\t\t\t\t\t\t\t\t\t\t\tsrc=\"https:\/\/aubert-lea.mmigrenoble-dev.fr\/wp-content\/uploads\/2026\/04\/680629642_2045272512751836_6041181134037040307_n.png\"\n\t\t\t\t\t\t\t\t\t\t\t\twidth=\"539\"\n\t\t\t\t\t\t\t\t\t\t\t\theight=\"960\"\n\t\t\t\t\t\t\t\t\t\t\t\tsrcset=\"https:\/\/aubert-lea.mmigrenoble-dev.fr\/wp-content\/uploads\/2026\/04\/680629642_2045272512751836_6041181134037040307_n.png 539w, https:\/\/aubert-lea.mmigrenoble-dev.fr\/wp-content\/uploads\/2026\/04\/680629642_2045272512751836_6041181134037040307_n-168x300.png 168w\"\n\t\t\t\t\t\t\t\t\t\t\t\talt=\"\"\n\t\t\t\t\t\t\/>\n\t\t\t\t\t<\/div>\n\t\t\t\t\t<\/div>\n\t\t\t\t<\/div>\n\t\t<div class=\"elementor-element elementor-element-5440b6c e-flex e-con-boxed wpr-particle-no wpr-jarallax-no wpr-parallax-no wpr-sticky-section-no wpr-equal-height-no e-con e-parent\" data-id=\"5440b6c\" data-element_type=\"container\" data-e-type=\"container\">\n\t\t\t\t\t<div class=\"e-con-inner\">\n\t\t<div class=\"elementor-element elementor-element-6a311ef e-grid e-con-full wpr-particle-no wpr-jarallax-no wpr-parallax-no wpr-sticky-section-no wpr-equal-height-no e-con e-child\" data-id=\"6a311ef\" data-element_type=\"container\" data-e-type=\"container\">\n\t\t<div class=\"elementor-element elementor-element-a36ebd4 e-con-full e-flex wpr-particle-no wpr-jarallax-no wpr-parallax-no wpr-sticky-section-no wpr-equal-height-no e-con e-child\" data-id=\"a36ebd4\" data-element_type=\"container\" data-e-type=\"container\">\n\t\t\t\t<div class=\"elementor-element elementor-element-7cd1aa8 elementor-widget elementor-widget-heading\" data-id=\"7cd1aa8\" data-element_type=\"widget\" data-e-type=\"widget\" data-widget_type=\"heading.default\">\n\t\t\t\t\t<h2 class=\"elementor-heading-title elementor-size-default\">Mon Parcours<\/h2>\t\t\t\t<\/div>\n\t\t\t\t<div class=\"elementor-element elementor-element-add26a2 elementor-widget elementor-widget-text-editor\" data-id=\"add26a2\" data-element_type=\"widget\" data-e-type=\"widget\" data-widget_type=\"text-editor.default\">\n\t\t\t\t\t\t\t\t\t<p data-path-to-node=\"3\">Avant m\u00eame de manipuler les outils num\u00e9riques, mon parcours s\u2019est construit autour de l\u2019art de raconter des histoires. Durant <b data-path-to-node=\"3\" data-index-in-node=\"126\">quatre ann\u00e9es de pratique th\u00e9\u00e2trale<\/b>, j\u2019ai explor\u00e9 la sc\u00e8ne comme un espace de communication brute. Cette exp\u00e9rience m\u2019a appris \u00e0 ma\u00eetriser le rythme, \u00e0 comprendre l\u2019importance du silence et de l\u2019expression, mais surtout \u00e0 savoir captiver un public. Aujourd\u2019hui, cette aisance me permet d\u2019aborder chaque projet avec une intention narrative forte : je ne cherche pas seulement \u00e0 cr\u00e9er un visuel, mais \u00e0 transmettre un message qui r\u00e9sonne.<\/p><p data-path-to-node=\"4\">Ma curiosit\u00e9 pour la narration m\u2019a naturellement pouss\u00e9e \u00e0 passer derri\u00e8re l\u2019objectif. Durant <b data-path-to-node=\"4\" data-index-in-node=\"94\">deux ans en atelier cin\u00e9ma<\/b>, j\u2019ai appris que chaque plan est un choix et que chaque lumi\u00e8re raconte une \u00e9motion. Du cadrage au montage, j\u2019ai d\u00e9couvert la rigueur technique n\u00e9cessaire pour transformer une simple id\u00e9e en une exp\u00e9rience immersive. Ce go\u00fbt pour l\u2019esth\u00e9tique cin\u00e9matographique et l&rsquo;image en mouvement constitue aujourd\u2019hui le socle de ma sensibilit\u00e9 visuelle, que je transpose d\u00e9sormais dans mes cr\u00e9ations graphiques et audiovisuelles.<\/p>\t\t\t\t\t\t\t\t<\/div>\n\t\t\t\t<\/div>\n\t\t\t\t<div class=\"elementor-element elementor-element-2877b5d elementor-widget elementor-widget-text-editor\" data-id=\"2877b5d\" data-element_type=\"widget\" data-e-type=\"widget\" data-widget_type=\"text-editor.default\">\n\t\t\t\t\t\t\t\t\t<p data-path-to-node=\"5\"><br><\/p><p data-path-to-node=\"5\"><br><\/p><p data-path-to-node=\"5\">Pour compl\u00e9ter cette approche artistique, mon <b data-path-to-node=\"5\" data-index-in-node=\"46\">Bac STMG option Marketing<\/b> m\u2019a apport\u00e9 la structure et la vision strat\u00e9gique indispensables au monde du digital. Cette formation m\u2019a appris \u00e0 analyser les comportements, \u00e0 identifier des besoins et \u00e0 concevoir des solutions adapt\u00e9es \u00e0 une cible pr\u00e9cise. Pour moi, la cr\u00e9ativit\u00e9 prend tout son sens lorsqu\u2019elle est au service d\u2019un objectif concret. Je ne con\u00e7ois pas le design comme une simple parure, mais comme un outil de communication puissant et r\u00e9fl\u00e9chi.<\/p>\n<p data-path-to-node=\"6\">Aujourd\u2019hui, au sein du <b data-path-to-node=\"6\" data-index-in-node=\"24\">BUT MMI<\/b>, je fais converger ces trois univers. Mon parcours est une fusion entre la r\u00e9flexion strat\u00e9gique du marketing, l\u2019\u00e9motion du th\u00e9\u00e2tre et l\u2019exigence technique du cin\u00e9ma. En y ajoutant ma passion r\u00e9cente pour le dessin, je continue de d\u00e9velopper une identit\u00e9 polyvalente, capable de porter un projet de sa conception th\u00e9orique jusqu\u2019\u00e0 sa r\u00e9alisation visuelle finale, avec toujours cette m\u00eame envie de dire, d\u2019exprimer et d&rsquo;innover.<\/p>\t\t\t\t\t\t\t\t<\/div>\n\t\t\t\t<\/div>\n\t\t\t\t\t<\/div>\n\t\t\t\t<\/div>\n\t\t\t\t<\/div>\n\t\t","protected":false},"excerpt":{"rendered":"<p>A propos Qui suis je? Je suis L\u00e9a \u00e9tudiante en MMI (M\u00e9tiers du Multim\u00e9dia et de l&rsquo;Internet), Je viens d&rsquo;avoir 21 ans je suis une v\u00e9ritable passionn\u00e9e d\u2019images et de mots, que ce soit \u00e0 travers le cin\u00e9ma, le th\u00e9\u00e2tre ou la lecture. Depuis l&rsquo;enfance, la sc\u00e8ne et les livres sont mes terrains d&rsquo;\u00e9vasion. Plus r\u00e9cemment, j&rsquo;ai d\u00e9couvert le dessin : une nouvelle mani\u00e8re pour moi d&rsquo;exprimer mes \u00e9motions et de raconter des histoires. Mon cursus en mmi me permet d&rsquo;explorer de nombreux domaines et de d\u00e9velopper des comp\u00e9tences solides en audiovisuel et en graphisme. Si j&rsquo;ai \u00e9galement des bases en d\u00e9veloppement web, c&rsquo;est vraiment dans la cr\u00e9ation visuelle que je m&rsquo;\u00e9panouis. Curieuse et motiv\u00e9e, je cherche constamment \u00e0 enrichir mon savoir-faire \u00e0 travers de nouveaux projets. Envie d&rsquo;en savoir plus? N&rsquo;h\u00e9sitez pas a me contacter !\u00a0 Me contacter Mon Parcours Avant m\u00eame de manipuler les outils num\u00e9riques, mon parcours s\u2019est construit autour de l\u2019art de raconter des histoires. Durant quatre ann\u00e9es de pratique th\u00e9\u00e2trale, j\u2019ai explor\u00e9 la sc\u00e8ne comme un espace de communication brute. Cette exp\u00e9rience m\u2019a appris \u00e0 ma\u00eetriser le rythme, \u00e0 comprendre l\u2019importance du silence et de l\u2019expression, mais surtout \u00e0 savoir captiver un public. Aujourd\u2019hui, cette aisance me permet d\u2019aborder chaque projet avec une intention narrative forte : je ne cherche pas seulement \u00e0 cr\u00e9er un visuel, mais \u00e0 transmettre un message qui r\u00e9sonne. Ma curiosit\u00e9 pour la narration m\u2019a naturellement pouss\u00e9e \u00e0 passer derri\u00e8re l\u2019objectif. Durant deux ans en atelier cin\u00e9ma, j\u2019ai appris que chaque plan est un choix et que chaque lumi\u00e8re raconte une \u00e9motion. Du cadrage au montage, j\u2019ai d\u00e9couvert la rigueur technique n\u00e9cessaire pour transformer une simple id\u00e9e en une exp\u00e9rience immersive. Ce go\u00fbt pour l\u2019esth\u00e9tique cin\u00e9matographique et l&rsquo;image en mouvement constitue aujourd\u2019hui le socle de ma sensibilit\u00e9 visuelle, que je transpose d\u00e9sormais dans mes cr\u00e9ations graphiques et audiovisuelles. Pour compl\u00e9ter cette approche artistique, mon Bac STMG option Marketing m\u2019a apport\u00e9 la structure et la vision strat\u00e9gique indispensables au monde du digital. Cette formation m\u2019a appris \u00e0 analyser les comportements, \u00e0 identifier des besoins et \u00e0 concevoir des solutions adapt\u00e9es \u00e0 une cible pr\u00e9cise. Pour moi, la cr\u00e9ativit\u00e9 prend tout son sens lorsqu\u2019elle est au service d\u2019un objectif concret. Je ne con\u00e7ois pas le design comme une simple parure, mais comme un outil de communication puissant et r\u00e9fl\u00e9chi. Aujourd\u2019hui, au sein du BUT MMI, je fais converger ces trois univers. Mon parcours est une fusion entre la r\u00e9flexion strat\u00e9gique du marketing, l\u2019\u00e9motion du th\u00e9\u00e2tre et l\u2019exigence technique du cin\u00e9ma. En y ajoutant ma passion r\u00e9cente pour le dessin, je continue de d\u00e9velopper une identit\u00e9 polyvalente, capable de porter un projet de sa conception th\u00e9orique jusqu\u2019\u00e0 sa r\u00e9alisation visuelle finale, avec toujours cette m\u00eame envie de dire, d\u2019exprimer et d&rsquo;innover.<\/p>\n","protected":false},"author":4,"featured_media":0,"parent":0,"menu_order":0,"comment_status":"closed","ping_status":"closed","template":"","meta":{"footnotes":""},"class_list":["post-53","page","type-page","status-publish","hentry"],"_links":{"self":[{"href":"https:\/\/aubert-lea.mmigrenoble-dev.fr\/index.php?rest_route=\/wp\/v2\/pages\/53","targetHints":{"allow":["GET"]}}],"collection":[{"href":"https:\/\/aubert-lea.mmigrenoble-dev.fr\/index.php?rest_route=\/wp\/v2\/pages"}],"about":[{"href":"https:\/\/aubert-lea.mmigrenoble-dev.fr\/index.php?rest_route=\/wp\/v2\/types\/page"}],"author":[{"embeddable":true,"href":"https:\/\/aubert-lea.mmigrenoble-dev.fr\/index.php?rest_route=\/wp\/v2\/users\/4"}],"replies":[{"embeddable":true,"href":"https:\/\/aubert-lea.mmigrenoble-dev.fr\/index.php?rest_route=%2Fwp%2Fv2%2Fcomments&post=53"}],"version-history":[{"count":4,"href":"https:\/\/aubert-lea.mmigrenoble-dev.fr\/index.php?rest_route=\/wp\/v2\/pages\/53\/revisions"}],"predecessor-version":[{"id":97,"href":"https:\/\/aubert-lea.mmigrenoble-dev.fr\/index.php?rest_route=\/wp\/v2\/pages\/53\/revisions\/97"}],"wp:attachment":[{"href":"https:\/\/aubert-lea.mmigrenoble-dev.fr\/index.php?rest_route=%2Fwp%2Fv2%2Fmedia&parent=53"}],"curies":[{"name":"wp","href":"https:\/\/api.w.org\/{rel}","templated":true}]}}

<div data-elementor-type="wp-page" data-elementor-id="53" class="elementor elementor-53">
				<div class="elementor-element elementor-element-b93c811 e-grid e-con-boxed wpr-particle-no wpr-jarallax-no wpr-parallax-no wpr-sticky-section-no wpr-equal-height-no e-con e-parent" data-id="b93c811" data-element_type="container" data-e-type="container">
					<div class="e-con-inner">
		<div class="elementor-element elementor-element-1e00384 e-grid e-con-full wpr-particle-no wpr-jarallax-no wpr-parallax-no wpr-sticky-section-no wpr-equal-height-no e-con e-child" data-id="1e00384" data-element_type="container" data-e-type="container">
				<div class="elementor-element elementor-element-39aca57 elementor-widget elementor-widget-heading" data-id="39aca57" data-element_type="widget" data-e-type="widget" data-widget_type="heading.default">
					<h2 class="elementor-heading-title elementor-size-default">A propos</h2>				</div>
				<div class="elementor-element elementor-element-8de11e7 elementor-widget elementor-widget-text-editor" data-id="8de11e7" data-element_type="widget" data-e-type="widget" data-widget_type="text-editor.default">
									<p>Qui suis je?</p><p>Je suis Léa étudiante en MMI (Métiers du Multimédia et de l&rsquo;Internet), Je viens d&rsquo;avoir 21 ans je suis une véritable passionnée d’images et de mots, que ce soit à travers le cinéma, le théâtre ou la lecture.</p><p>Depuis l&rsquo;enfance, la scène et les livres sont mes terrains d&rsquo;évasion. Plus récemment, j&rsquo;ai découvert le dessin : une nouvelle manière pour moi d&rsquo;exprimer mes émotions et de raconter des histoires.</p><p>Mon cursus en mmi me permet d&rsquo;explorer de nombreux domaines et de développer des compétences solides en <b data-path-to-node="7" data-index-in-node="105">audiovisuel</b> et en <b data-path-to-node="7" data-index-in-node="123">graphisme</b>. Si j&rsquo;ai également des bases en développement web, c&rsquo;est vraiment dans la création visuelle que je m&rsquo;épanouis. Curieuse et motivée, je cherche constamment à enrichir mon savoir-faire à travers de nouveaux projets.</p><p>Envie d&rsquo;en savoir plus? N&rsquo;hésitez pas a me contacter ! </p>								</div>
				<div class="elementor-element elementor-element-f56f882 elementor-button-info elementor-align-center elementor-widget__width-auto elementor-widget elementor-widget-button" data-id="f56f882" data-element_type="widget" data-e-type="widget" data-widget_type="button.default">
										<a class="elementor-button elementor-button-link elementor-size-sm" href="https://aubert-lea.mmigrenoble-dev.fr/?page_id=57">
						<span class="elementor-button-content-wrapper">
									<span class="elementor-button-text">Me contacter </span>
					</span>
					</a>
								</div>
				</div>
		<div class="elementor-element elementor-element-e53dd6e e-con-full e-flex wpr-particle-no wpr-jarallax-no wpr-parallax-no wpr-sticky-section-no wpr-equal-height-no e-con e-child" data-id="e53dd6e" data-element_type="container" data-e-type="container">
							
			<img class="e-image-base e-303202a-54a4330" 
					data-interaction-id="303202a" 
		 
		 
									id="93"
												src="https://aubert-lea.mmigrenoble-dev.fr/wp-content/uploads/2026/04/680629642_2045272512751836_6041181134037040307_n.png"
												width="539"
												height="960"
												srcset="https://aubert-lea.mmigrenoble-dev.fr/wp-content/uploads/2026/04/680629642_2045272512751836_6041181134037040307_n.png 539w, https://aubert-lea.mmigrenoble-dev.fr/wp-content/uploads/2026/04/680629642_2045272512751836_6041181134037040307_n-168x300.png 168w"
												alt=""
						/>
					</div>
					</div>
				</div>
		<div class="elementor-element elementor-element-5440b6c e-flex e-con-boxed wpr-particle-no wpr-jarallax-no wpr-parallax-no wpr-sticky-section-no wpr-equal-height-no e-con e-parent" data-id="5440b6c" data-element_type="container" data-e-type="container">
					<div class="e-con-inner">
		<div class="elementor-element elementor-element-6a311ef e-grid e-con-full wpr-particle-no wpr-jarallax-no wpr-parallax-no wpr-sticky-section-no wpr-equal-height-no e-con e-child" data-id="6a311ef" data-element_type="container" data-e-type="container">
		<div class="elementor-element elementor-element-a36ebd4 e-con-full e-flex wpr-particle-no wpr-jarallax-no wpr-parallax-no wpr-sticky-section-no wpr-equal-height-no e-con e-child" data-id="a36ebd4" data-element_type="container" data-e-type="container">
				<div class="elementor-element elementor-element-7cd1aa8 elementor-widget elementor-widget-heading" data-id="7cd1aa8" data-element_type="widget" data-e-type="widget" data-widget_type="heading.default">
					<h2 class="elementor-heading-title elementor-size-default">Mon Parcours</h2>				</div>
				<div class="elementor-element elementor-element-add26a2 elementor-widget elementor-widget-text-editor" data-id="add26a2" data-element_type="widget" data-e-type="widget" data-widget_type="text-editor.default">
									<p data-path-to-node="3">Avant même de manipuler les outils numériques, mon parcours s’est construit autour de l’art de raconter des histoires. Durant <b data-path-to-node="3" data-index-in-node="126">quatre années de pratique théâtrale</b>, j’ai exploré la scène comme un espace de communication brute. Cette expérience m’a appris à maîtriser le rythme, à comprendre l’importance du silence et de l’expression, mais surtout à savoir captiver un public. Aujourd’hui, cette aisance me permet d’aborder chaque projet avec une intention narrative forte : je ne cherche pas seulement à créer un visuel, mais à transmettre un message qui résonne.</p><p data-path-to-node="4">Ma curiosité pour la narration m’a naturellement poussée à passer derrière l’objectif. Durant <b data-path-to-node="4" data-index-in-node="94">deux ans en atelier cinéma</b>, j’ai appris que chaque plan est un choix et que chaque lumière raconte une émotion. Du cadrage au montage, j’ai découvert la rigueur technique nécessaire pour transformer une simple idée en une expérience immersive. Ce goût pour l’esthétique cinématographique et l&rsquo;image en mouvement constitue aujourd’hui le socle de ma sensibilité visuelle, que je transpose désormais dans mes créations graphiques et audiovisuelles.</p>								</div>
				</div>
				<div class="elementor-element elementor-element-2877b5d elementor-widget elementor-widget-text-editor" data-id="2877b5d" data-element_type="widget" data-e-type="widget" data-widget_type="text-editor.default">
									<p data-path-to-node="5"><br></p><p data-path-to-node="5"><br></p><p data-path-to-node="5">Pour compléter cette approche artistique, mon <b data-path-to-node="5" data-index-in-node="46">Bac STMG option Marketing</b> m’a apporté la structure et la vision stratégique indispensables au monde du digital. Cette formation m’a appris à analyser les comportements, à identifier des besoins et à concevoir des solutions adaptées à une cible précise. Pour moi, la créativité prend tout son sens lorsqu’elle est au service d’un objectif concret. Je ne conçois pas le design comme une simple parure, mais comme un outil de communication puissant et réfléchi.</p>
<p data-path-to-node="6">Aujourd’hui, au sein du <b data-path-to-node="6" data-index-in-node="24">BUT MMI</b>, je fais converger ces trois univers. Mon parcours est une fusion entre la réflexion stratégique du marketing, l’émotion du théâtre et l’exigence technique du cinéma. En y ajoutant ma passion récente pour le dessin, je continue de développer une identité polyvalente, capable de porter un projet de sa conception théorique jusqu’à sa réalisation visuelle finale, avec toujours cette même envie de dire, d’exprimer et d&rsquo;innover.</p>								</div>
				</div>
					</div>
				</div>
				</div>

<p>A propos Qui suis je? Je suis Léa étudiante en MMI (Métiers du Multimédia et de l&rsquo;Internet), Je viens d&rsquo;avoir 21 ans je suis une véritable passionnée d’images et de mots, que ce soit à travers le cinéma, le théâtre ou la lecture. Depuis l&rsquo;enfance, la scène et les livres sont mes terrains d&rsquo;évasion. Plus récemment, j&rsquo;ai découvert le dessin : une nouvelle manière pour moi d&rsquo;exprimer mes émotions et de raconter des histoires. Mon cursus en mmi me permet d&rsquo;explorer de nombreux domaines et de développer des compétences solides en audiovisuel et en graphisme. Si j&rsquo;ai également des bases en développement web, c&rsquo;est vraiment dans la création visuelle que je m&rsquo;épanouis. Curieuse et motivée, je cherche constamment à enrichir mon savoir-faire à travers de nouveaux projets. Envie d&rsquo;en savoir plus? N&rsquo;hésitez pas a me contacter !  Me contacter Mon Parcours Avant même de manipuler les outils numériques, mon parcours s’est construit autour de l’art de raconter des histoires. Durant quatre années de pratique théâtrale, j’ai exploré la scène comme un espace de communication brute. Cette expérience m’a appris à maîtriser le rythme, à comprendre l’importance du silence et de l’expression, mais surtout à savoir captiver un public. Aujourd’hui, cette aisance me permet d’aborder chaque projet avec une intention narrative forte : je ne cherche pas seulement à créer un visuel, mais à transmettre un message qui résonne. Ma curiosité pour la narration m’a naturellement poussée à passer derrière l’objectif. Durant deux ans en atelier cinéma, j’ai appris que chaque plan est un choix et que chaque lumière raconte une émotion. Du cadrage au montage, j’ai découvert la rigueur technique nécessaire pour transformer une simple idée en une expérience immersive. Ce goût pour l’esthétique cinématographique et l&rsquo;image en mouvement constitue aujourd’hui le socle de ma sensibilité visuelle, que je transpose désormais dans mes créations graphiques et audiovisuelles. Pour compléter cette approche artistique, mon Bac STMG option Marketing m’a apporté la structure et la vision stratégique indispensables au monde du digital. Cette formation m’a appris à analyser les comportements, à identifier des besoins et à concevoir des solutions adaptées à une cible précise. Pour moi, la créativité prend tout son sens lorsqu’elle est au service d’un objectif concret. Je ne conçois pas le design comme une simple parure, mais comme un outil de communication puissant et réfléchi. Aujourd’hui, au sein du BUT MMI, je fais converger ces trois univers. Mon parcours est une fusion entre la réflexion stratégique du marketing, l’émotion du théâtre et l’exigence technique du cinéma. En y ajoutant ma passion récente pour le dessin, je continue de développer une identité polyvalente, capable de porter un projet de sa conception théorique jusqu’à sa réalisation visuelle finale, avec toujours cette même envie de dire, d’exprimer et d&rsquo;innover.</p>
